 2*i - 416. Let j be y(0). Suppose h - 3*f = 792, h - 4*f = -3*h + 3176. Let c = j + h. Is c composite?
False
Let s be -19*(1 + -2)*(-255)/(-5). Let u = s + -1999. Let g = -529 - u. Is g prime?
False
Let l = 444 - -651. Let c = l - 242. Is c prime?
True
Suppose 349*k - 344*k - 996855 = 0. Is k prime?
False
Let v(p) = -10*p - 3. Let b = 33 + -43. Let r be v(b). Suppose -u = u - 2*z - 162, -5*z - r = -u. Is u composite?
True
Suppose -3*c = -6*c + 51. Let l(y) = -y**3 + 18*y**2 - 18*y + 11. Let n be l(c). Is 542 - (n + (5 - 2)) composite?
True
Is 870/(-126) + 7 - (-1281019)/21 composite?
False
Suppose 117*s - 3299252 = 73*s. Is s composite?
True
Let p(j) = -50*j**3 + 2*j**2 + j. Let o = -54 + 64. Let u = -15 + o. Is p(u) a composite number?
True
Suppose -4*d - 3*z = -0*d - 2344, z = -3*d + 1758. Suppose 4*x + 2*c + 0*c - 584 = 0, 4*x - d = -3*c. Is x a composite number?
True
Let w(r) = -42*r**2 - 17*r + 11. Let d(p) = 43*p**2 + 18*p - 11. Let h(k) = 5*d(k) + 4*w(k). Is h(-14) prime?
True
Is (-18 - -24 - 44470/4)*-8 + -1 prime?
False
Let s(d) = -d**3 - 9*d**2 + 11*d + 29. Let q be s(-10). Suppose 0 = -17*i + q*i - 758. Is i a composite number?
False
Let j be (8 + -8)*(1 + 0). Suppose j = -r - 0*r + 10. Suppose r*o - 2607 = 7*o. Is o composite?
True
Suppose 0 = 19*j + 28*j - 13*j - 3595126. Is j composite?
True
Suppose -9 = n - v, 3*v + 48 = -5*n + 5*v. Let q be ((-32)/(-20))/((-4)/n). Suppose 5*a - 4*l = 9711, -5*l - 10851 = -q*a - 3075. Is a prime?
False
Suppose 0 = -0*a + 2*a - 2*s + 4, 3*a - 2*s = -3. Let x be a*4 - (-1 - -4 - 1). Is -2*x/(-4)*527 a composite number?
True
Let r = 214 + -210. Suppose 2*b - r*d - 584 = -2*b, 149 = b - 2*d. Is b a composite number?
True
Suppose 3*a = 3*s - 39 - 3, -a - 44 = -3*s. Suppose 5*z - s*z + 1910 = 0. Is z composite?
False
Suppose 21*v - 20*v = 5. Is 204/340 + (8504/v)/2 a prime number?
False
Is (24336/45 + -25)/((-2)/(-1270) - 0) composite?
True
Let g = -25 - -31. Suppose -4*h = g*h - 15370. Is h composite?
True
Suppose -r + 4*j + 81339 = 0, 0 = -31*r + 29*r + 5*j + 162672. Is r composite?
False
Let g(n) = 738*n**2 + n + 27. Is g(2) a composite number?
True
Suppose -2*t = -25*s + 30*s - 13892, 6945 = t + 2*s. Is t a prime number?
False
Let u = 191724 + -106453. Is u prime?
False
Suppose 143 = 2*c - 3*s - 128, -3*c + 5*s = -408. Let u = 1286 + c. Is u a prime number?
False
Suppose 17817845 = 317*x - 23240759 + 9725373. Is x composite?
True
Let b(m) = -6*m - 26. Let w be b(-5). Suppose w*j = 29276 - 10112. Is j prime?
False
Let u(h) = 10*h**2 + 40*h - 19. Suppose -4*f - 24 = r, 0 = -0*r - 3*r - 4*f - 56. Is u(r) prime?
True
Suppose 170*h + 3*w - 270674 = 165*h, -2*h + 108254 = -4*w. Is h a prime number?
True
Suppose -3*u - 15414 = -3*m, 4*u = -4*m - 0*m + 20560. Suppose 39*t - 30*t = m. Is t a prime number?
True
Suppose 43092 = k + 6*k. Suppose k = g + 2*g + 3*f, -5*f - 2058 = -g. Is g prime?
True
Let y(u) = u**3 - 21*u**2 - 87*u - 2. Let f(k) = -9*k + 196. Let a be f(19). Is y(a) composite?
True
Suppose -7*g - 669059 = 750835. Is 5*2/(1 + g/202902) prime?
False
Let l(f) = 5*f + 24. Let a be l(-4). Is (a/(-8))/((-14)/91644) a prime number?
False
Suppose 0 = 3*z - 4*z. Suppose 2*d - 2728 + 64 = z. Let b = d - 115. Is b prime?
True
Let u(i) = 3946*i**2 + 52*i - 165. Is u(4) a composite number?
False
Suppose -12*a + 373629 = -700383. Is a composite?
False
Suppose 3*v + 4*t + 749 + 147 = 0, -5*t = 5*v + 1495. Let g = -416 + v. Let d = g + 2655. Is d a composite number?
True
Let f(n) = -n**3 - 9*n**2 - 8*n + 18. Let r be f(-8). Suppose 9441 = 27*h - r*h. Is h prime?
True
Suppose -119507 + 457651 = 17*d - 338813. Is d prime?
True
Suppose -3*v - 4*n = 48769 - 173178, 41419 = v - 5*n. Is v prime?
False
Let h(d) = -433*d**3 + d - 4*d**2 - 426*d**3 + 17 + 863*d**3 - 8*d. Let z(r) = -6*r**3 - r - 1. Let u be z(-1). Is h(u) prime?
False
Suppose 836*g + 1304308 = 870*g. Is g a prime number?
False
Let n(q) = 2*q**2 - 59*q - 23. Let c be n(30). Let u be 2/(-7) + (-10487)/c*-9. Suppose u + 7192 = 5*f. Is f prime?
False
Suppose 44*s = -18*s - 56*s + 8257994. Is s a composite number?
True
Suppose -191649 = -6*f + 3*f - x, -5*f + 319415 = -x. Suppose -28476 - f = -19*d. Is d a prime number?
True
Let a be (5 - 4) + 1 + 0. Let r(v) = 10 - 6*v + 4*v + 2*v**a - 4*v + 1. Is r(4) composite?
False
Suppose 27*i = 9*i - 36. Is i/(-60)*6*16045 prime?
True
Let s(a) = 3157*a + 4034. Is s(9) composite?
True
Suppose 7 = 4*m - 25. Suppose 42176 = m*u + 752. Suppose 33*k - u = 27*k. Is k a composite number?
False
Suppose 0 = 4*i - 3*i - 14. Suppose 265*u - 3244214 + 15164974 = 0. Is u/(-56) + (-4)/i composite?
True
Suppose 2*l - 86698 = -34*w + 30*w, -216721 = -5*l - 2*w. Is l prime?
False
Suppose 89*n = 105*n - 1200. Is 50/n - 19741/(-3) composite?
False
Suppose 46 - 1 = -5*u. Let g(n) = 17*n**2 - 35*n + 14. Is g(u) a prime number?
False
Suppose -8*p = -23 - 41. Let n be p/36 - (-4457)/(-9). Let c = 176 - n. Is c prime?
False
Suppose 4*c - c = -4*k - 22, 0 = -3*c + k - 2. Let x be (2/(-3))/(c/(-24)). Is 18808/32 + 6/x prime?
True
Suppose 429943 = 5*j - 2*p, -p + 37904 = j - 48093. Is j composite?
False
Is (-18939366)/(-36) + 2/((-8)/2) a prime number?
False
Suppose 0 = -3*y + a - 6320, 0 = -0*y + 5*y + 5*a + 10520. Let x = y - -3145. Is x composite?
False
Suppose 5*s = -21199 + 62259. Suppose -5*x = t - 2031, 0 = -17*t + 13*t + 2*x + s. Is t a prime number?
False
Let k = -41 + -46. Let d = -83 - k. Suppose -58 = -2*a + 5*z, d*a + 2*z = 31 + 37. Is a composite?
False
Let b = 1681 + -841. Let r = 1506 - b. Let t = r - -289. Is t a composite number?
True
Suppose t - 2*d = 6*t + 21014, -2*t = d + 8405. Let c = 3865 - t. Is c prime?
True
Let i(m) = -7*m**3 + 17*m**2 + 15*m + 664. Is i(-14) a composite number?
True
Suppose 0 = 5*m - 3*u - 664085, 3*u = 23*m - 21*m - 265634. Is m composite?
False
Let f = 2174 - 1509. Let a(u) = 15*u + 418. Let k be a(-22). Suppose -3*s = -f - k. Is s a prime number?
True
Is (-15268)/(-154)*19341/18 a prime number?
False
Suppose -5*y + 809 = 784. Suppose 6874 - 26819 = -y*w. Is w prime?
True
Suppose -28*k + 67761 + 55613 = -465774. Is k composite?
True
Let n be (-6)/(-4) + (-1)/4*-22. Let o(i) = 9*i**3 + 5*i**2 - 3*i - 9. Let h be o(4). Suppose 4*w - m + h = n*w, -m = 4. Is w composite?
True
Suppose -18*m + 34*m = 440016. Suppose 27491 = 2*g - 0*w + 3*w, 2*g = -5*w + m. Is g prime?
False
Suppose 34*w - 134*w - 106*w + 77568682 = 0. Is w prime?
True
Suppose 0 = -r - 208*c + 212*c + 95547, 4*r - 2*c - 382118 = 0. Is r a prime number?
True
Let u(v) = 214*v**2 - 67*v + 307. Is u(-23) a composite number?
True
Suppose -2*w - 4*o + 80842 = 0, -17*o + 161684 = 4*w - 22*o. Is w prime?
False
Let a(p) = p + 4. Suppose 10*h = -9 - 31. Let t be a(h). Suppose t = 2*c - 376 - 138. Is c a composite number?
False
Let w(q) = -q**3 - 2*q**2 + q + 17. Let o be ((-12)/9)/((-12)/(-18)). Let u be -2*(-5)/4*o. Is w(u) prime?
False
Let r be 17/(51/(-2))*-3. Let g(t) = 448*t**3 + 3*t**2 - 7*t + 7. Is g(r) prime?
False
Let c(s) = -6*s**2 - 5*s - 4. Let v be c(-16). Let m = v - -2401. Is m a prime number?
True
Let x = 108674 - -5733. Is x prime?
True
Suppose -13*h - 41*h + 822757 = -507641. Is h prime?
False
Let d(u) = u**2 + 9*u - 55. Let m be d(-15). Let n = 638 + m. Is n a prime number?
True
Suppose -14*n + 2403891 = 743015. Suppose -2*a = -25*a + n. Is a a prime number?
False
Let b = -50 + 44. Let n(d) = 403*d - 4. Let q(s) = s. Let a(t) = b*q(t) - n(t). Is a(-1) a composite number?
True
Is (-2)/((-4)/800266) - 12/(-16)*8 a prime number?
False
Let l(c) = 96*c**2 + 2*c + 543. Is l(22) a composite number?
False
Suppose -9*l + 29*l - 4269192 = -4*l. Is l a prime number?
True
Let o(c) = 669*c**3 - 22*c**2 + 68*c + 15. Is o(4) a prime number?
True
Suppose -194*i = 37*i - 6077379. Is i a prime number?
True
Let m(w) be the third derivative of w**6/20 - w**5/30 + 7*w**4/24 - w**3/3 - 3*w**2 + 41. Is m(3) prime?
True
Let g = 159 - 152. Is (-2181)/(-3)*((32 - g) + -6) composite?
True
Suppose 3*h - 72514 = -2*l, -222*h = -220*h - 8. Is l prime?
True
Suppose 4*y + 2*k - 89726 = 0, 4*y - 89431 = -4*k + 289. Is y a composite number?
False
Let l(y) be the third derivative of 47*y**6/360 - y**5/20 + y**4/8 + 2*y**3/3 - 12*y**2. Let g(c) be the first